 be -35 + t + 3*1. What is w(v)?
2
Let g be (-11)/(-2) + 70/(-28). Let r(q) = 1003*q**2 - q**3 - 2 - 2*q - 1006*q**2 + 0*q**g. Give r(-3).
4
Suppose 195*w = -31*w + 74*w - 456. Let k(d) be the first derivative of -d**6/180 + d**4/24 - d**3/3 + 1. Let g(l) be the third derivative of k(l). Give g(w).
-17
Let h(z) = -z**2. Let r(x) = 4*x**2 + 7*x**2 - 1 + x - 15*x**2. Let l(w) = h(w) + r(w). Let p(s) = -s**3 + 6*s**2 + 7*s + 1. Let f be p(7). Determine l(f).
-5
Let n(m) be the third derivative of m**6/120 - m**5/10 + m**3/6 + 84*m**2 + 6*m. Suppose 2*y = -b + 14, y + 2*b = -0*y + 13. Determine n(y).
-24
Let r(j) = j**2 - 5*j + 1. Let b be r(3). Let i(k) = 33*k - 8. Let x(t) = -24*t + 6. Let v(l) = -3*i(l) - 4*x(l). Determine v(b).
15
Let c(f) = -168*f**2 - f - 9. Let z(q) = -7*q**2 - 1. Let o(x) = c(x) - 9*z(x). Determine o(1).
-106
Let p(m) = 2*m + 24. Let l(j) = -6*j - 46. Let k(h) = -6*l(h) - 11*p(h). Let a(q) = 31*q + 26. Let w(i) = -6*a(i) + 13*k(i). What is w(3)?
-12
Let k(b) = -b**3 - 3*b - 6. Let n be k(-2). Suppose -x = 3*r - 9, -7 - n = -5*x. Let w(h) be the first derivative of h**2/2 - 3*h - 13. Give w(r).
-1
Suppose 89*j + 320 + 273 = -119. Let q(f) = -f**3 - 9*f**2 - 5*f + 10. What is q(j)?
-14
Let p(s) be the third derivative of s**4/4 + 8*s**3/3 - 2*s**2 + 4*s - 183. Determine p(-8).
-32
Suppose 2*q = q. Let z(h) = -12*h + 8 + 0*h + 27*h - 14*h. What is z(q)?
8
Let b(r) be the first derivative of -r**7/840 - r**6/360 - r**5/120 - 11*r**4/12 + 5*r**3/3 - r - 52. Let i(n) be the third derivative of b(n). Calculate i(0).
-22
Suppose 0 = 117*v - 120*v + 12. Let b(c) = c - 3*c - v + 5. Determine b(-2).
5
Let s(b) = -b**2 + 42*b - 90. Let u(w) = 2*w**3 + 52*w**2 + 51*w + 65. Let l be u(-25). Give s(l).
-10
Let n(j) = 9*j - 66. Suppose 12*l - 15*l = -30 + 3. Calculate n(l).
15
Let j(h) = h**3 - 4*h**2 - 4*h + 5. Suppose 2100 = 48*a - 23*a. Suppose a*f = 90*f - 24. Determine j(f).
-11
Suppose 412*b - 313 = 1335. Let g(l) = -2*l**2 - 9*l + 44. What is g(b)?
-24
Let r(w) = w**2 - 7*w - 3. Let n(u) = 6*u + 3. Let l be n(12). Suppose -l + 35 = -5*p. Give r(p).
5
Let o = 12 + -14. Let z be (-3 - -2)*(-4 + o)/(-3). Let a(m) = m**3 + 3*m**2 - 2*m - 2. Give a(z).
6
Let d(g) = -10618526 + 3*g - 8*g + 10618534 + 2*g. Calculate d(-5).
23
Let k(s) = 3*s + 53. Let m be k(-16). Let q be (-3)/(52/(-8) + m). Let v(z) = 3*z**2 - 3*z. Determine v(q).
6
Let f(o) be the third derivative of 0 + 1/30*o**5 + 5/24*o**4 + 2/3*o**3 + 0*o + 13*o**2. Give f(-3).
7
Let j(c) be the second derivative of c**3/3 - 8*c**2 - 3729*c. Give j(6).
-4
Let m(n) be the third derivative of -n**4/12 - n**3/6 - 2*n**2. Suppose 5*h - 2 = x, 7*h - 3*h - x - 1 = 0. Let l be (3/6)/(h/(-2)). Determine m(l).
1
Suppose -20 = 5*i, v = -6*i + 4*i + 5. Let t(y) = -y**2 + 12*y + 15. Let h be t(v). Let f(z) = 5*z + 9*z + 0 - 6*z - 10 + 9. Give f(h).
15
Let v(s) be the first derivative of -s**4/4 + 8*s**3/3 + 5*s**2/2 + 43*s - 1561. Give v(9).
7
Suppose -14831*u + 14804*u = -27. Let d(j) = 6*j**3 - 5*j**2 - 3*j - 1. Let x(p) = 7*p**3 - 6*p**2 - 4*p - 1. Let h(v) = 6*d(v) - 5*x(v). Give h(u).
2
Let s(j) be the third derivative of 31/6*j**3 + 0*j + 1/120*j**5 + 30*j**2 + 0 + 5/8*j**4. Let v(c) be the first derivative of s(c). Determine v(0).
15
Let t be 6 + (-12 - (-1 + -5)). Suppose t = 3*i + 39*i - 588. Let y(h) = -3*h + 41. What is y(i)?
-1
Let u(k) = 10 - 29 - 9 + 7 + 3*k. Let g be u(6). Let w(b) = b**3 + 2*b**2 + 3*b + 1. Give w(g).
-17
Let r(q) be the second derivative of -q**5/10 - q**4 + 5*q**3/6 + 13*q**2 + 2*q - 17. What is r(-6)?
-4
Let p(x) = -15*x - 3. Suppose 5*j = 4*w, j + 2*j + 3*w = 0. Let s be p(j). Let h(d) = -d. Calculate h(s).
3
Let a(u) = 2*u**3 + 21*u**2 + 2*u - 4. Let v(o) = 2*o**3 + 16*o**2 + o - 3. Let b(d) = -3*a(d) + 4*v(d). What is b(2)?
16
Let l(u) = 4*u**3 - u**2 + 2*u - 1. Let k be 8/10 + (-55)/(-25). Suppose -4*j = -4*p, -13 = -4*j - k*p - 6. Give l(j).
4
Suppose k = 2*g + 5*k + 24, 4 = -4*g + 3*k. Let j(t) = -12*t**2 - 2 + 108*t**2 - 49*t**2 - 48*t**2 - 8*t. Determine j(g).
14
Let m(k) be the third derivative of k**5/30 + k**4/8 - k**3/3 + 13*k**2. Let w be m(-3). Suppose 5*h + 31 = 11, 0 = 3*x - h - w. Let y(g) = -3*g. Give y(x).
-3
Let g be ((-5 - -4)/(-6))/((-1)/(-12))*-3. Let k(w) = -w + 1. Let y(t) be the third derivative of t**4/8 - t**3/2 - t**2. Let x(v) = 2*k(v) + y(v). Give x(g).
-7
Let j(o) = 3*o - 74. Suppose 73*k - 613 = 1139. Calculate j(k).
-2
Let k(g) = 4*g - 86. Let w(y) = 35*y - 779. Let r(j) = 19*k(j) - 2*w(j). Give r(14).
8
Let r(q) = -2*q**2 - 90*q - 335. Let h be r(-4). Let t(m) = -3*m - 15. Give t(h).
6
Let v(p) be the third derivative of -11*p**4/24 + 9*p**3/2 - 39*p**2 - 22*p. Determine v(-8).
115
Let f(v) be the first derivative of 2*v**2 - v + 460. Let j = -7 - -14. Calculate f(j).
27
Let p(a) = a**2 + 3 - 2*a**2 + 3*a - 6*a. Let m = 536 - 561. Let v be ((-205)/m - 7)*(-5)/2. Give p(v).
3
Let s(y) = 4*y - 42. Let g be 3/((-490)/50 - -10). Give s(g).
18
Let s = -396 + 383. Let n(y) = -y**3 - 12*y**2 + 9*y - 14. Give n(s).
38
Let a(l) = 2*l**2 - 15*l + 362. Let h(v) = 2*v**2 - 16*v + 429. Let w(d) = -6*a(d) + 5*h(d). Give w(5).
-27
Let y(a) be the first derivative of a**4/12 - 3*a**3/2 - 3*a**2 + 36*a + 28. Let i(q) be the first derivative of y(q). Calculate i(9).
-6
Let u(d) = -112*d + 313. Let h(p) = 217*p - 633. Let z(q) = 10*h(q) + 19*u(q). Determine z(9).
-5
Let t(p) be the second derivative of -p**5/20 + 2*p**4/3 + 10*p**3/3 - 4*p**2 - 2203*p. Determine t(10).
-8
Let u(a) = a**2 + 4*a - 5. Let z be u(0). Let j = z - -8. Let q be -5 + j + 0 - -5. Let s(o) = o**2 - 3*o. Give s(q).
0
Let z(j) = 44 - 4*j + 31 - 232 + 154. Let m be 1/(-1) + 1 + -1. Let w = -3 + m. Give z(w).
13
Let u(k) = -k**3 + 33*k**2 + 6*k - 231. Let z(w) = -2*w**2 + w - 1. Let n(b) = u(b) + 2*z(b). What is n(29)?
-1
Let j(z) be the first derivative of z**4/4 - 16*z**3/3 - 3*z**2/2 + 35*z - 3077. Give j(16).
-13
Let u(h) = -2*h - 2. Let m be (6 + 6 + -14)*(1 - 0). Let z be ((0 - -1)*-4)/m. Give u(z).
-6
Suppose 2*l - 4*o = 20, -4*l = 5*o - 14 + 13. Let b(t) = -t**2 + 5*t - 5. Calculate b(l).
-1
Let s(c) = -2*c + 1. Let u be ((-15)/(-10))/(15/2840). Suppose 0 = 7*f + u - 298. Give s(f).
-3
Let j(m) = -10*m**2 + 3*m - 125. Let l be j(9). Let w = 915 + l. Let f(x) = -x**3 + 7*x**2 - 4*x + 7. What is f(w)?
-21
Let a(b) = -4*b - 2. Let y(d) = 3*d**2 - 39*d + 67. Let x be y(11). Determine a(x).
-6
Let k(f) = -f**2 - 30*f + 1. Let p(q) = -q**2 - 20*q + 2. Let y(b) = 3*k(b) - 4*p(b). Calculate y(11).
6
Suppose 22*d = 18*d + 4*x + 4416, 0 = -5*d - 2*x + 5485. Let b(h) = 548*h - d*h + 550*h + 3. Suppose -5*l + 3*l - 10 = 0. Determine b(l).
8
Let u = 6 + -1. Let o(a) = a**3 + 4*a**2 - 7*a + 2. Let v(h) = -h**3 - 6*h**2 + 7*h - 1. Let z(y) = u*o(y) + 4*v(y). Calculate z(6).
36
Let d(p) be the third derivative of 9*p**2 - 1/60*p**5 + 0*p + 0 + 0*p**3 + 3/8*p**4 + 1/360*p**6. Let v(t) be the second derivative of d(t). What is v(2)?
2
Suppose -5*a = 3 - 33. Let h(t) = t - 21. Let b(c) = -6*c + 107. Let z(d) = 2*b(d) + 10*h(d). Calculate z(a).
-8
Let l(r) = 2*r - 15. Let o be (1 + -4)/((-1)/(-3)). Let t(b) = 4*b**3 + 37*b**2 + 8*b - 17. Let a be t(-9). Let u be (-68)/a + o/(-6). Determine l(u).
5
Suppose -4*t - t + 5*j + 60 = 0, -2*t + 49 = 3*j. Let l(b) = t*b - b - 17*b. Determine l(-1).
1
Let f(m) = -5*m**2 + 14*m - 1. Let s(n) = 7*n**2 - 15*n - 1. Let b(o) = 4*f(o) + 3*s(o). Calculate b(-11).
-7
Let c(m) = 21*m + 12 - 8*m - 51. Let j(r) = 8*r - 26. Let d(u) = 5*c(u) - 8*j(u). Give d(-6).
7
Let i = 135 + -133. Let k be 32/48*(i - (-1 - 0)). Let r(u) = -3*u**2 - 2*u + 1. Calculate r(k).
-15
Let d(w) = -68*w - 4*w**2 - 1 + 3*w**3 + 31*w - 2*w**3 + 38*w + 0*w**2. Suppose 0 = -b + t - 3*t + 12, -3*t = -15. Determine d(b).
-7
Suppose 5*n = -28*n + 66. Let w(v) = -8*v**n - v + 0*v - 1532 + 1529 - v**3. Give w(-8).
5
Let v(j) be the second derivative of -j**3/6 + j**2 - 210*j. Suppose -h = -2*p + 29, -7 = -3*h + 2. Suppose -s + p = 3*s. Calculate v(s).
-2
Let x(o) = -8*o - 19. Let m(c) = 19*c + 37. Let g(k) = -4*m(k) - 9*x(k). Calculate g(12).
-25
Let g(p) = 3 + 1 - 2*p - 3 + p**2. Let i(r) = r**3 + 104*r**2 - 785*r - 884. Let u be i(-111). What is g(u)?
9
Let u(k) = -19*k**2 + 16*k +